rime factors of 8822684.
2, 13, 169667
List the prime factors of 1177775.
5, 47111
What are the prime factors of 18132114?
2, 3, 7, 11, 13, 3019
List the prime factors of 821968.
2, 7, 41, 179
What are the prime factors of 7996587?
3, 19, 53, 2647
List the prime factors of 113729.
7, 11, 211
List the prime factors of 285947.
269, 1063
List the prime factors of 920614.
2, 41, 103, 109
What are the prime factors of 453678?
2, 3, 83, 911
What are the prime factors of 262257?
3, 19, 43, 107
What are the prime factors of 5580?
2, 3, 5, 31
What are the prime factors of 477946?
2, 7, 4877
What are the prime factors of 1460258?
2, 101, 7229
List the prime factors of 17373109.
13, 1336393
What are the prime factors of 2592833?
67, 38699
List the prime factors of 3138076.
2, 163, 4813
List the prime factors of 3527218.
2, 433, 4073
What are the prime factors of 8071431?
3, 367, 7331
List the prime factors of 25110.
2, 3, 5, 31
List the prime factors of 18609293.
1289, 14437
What are the prime factors of 492395?
5, 98479
List the prime factors of 292290.
2, 3, 5, 9743
List the prime factors of 166074.
2, 3, 89, 311
List the prime factors of 629443.
313, 2011
What are the prime factors of 4135671?
3, 47, 3259
List the prime factors of 379984.
2, 11, 17, 127
List the prime factors of 9132456.
2, 3, 109, 3491
What are the prime factors of 80329?
80329
List the prime factors of 12360275.
5, 17, 127, 229
What are the prime factors of 3155690?
2, 5, 315569
List the prime factors of 164068.
2, 41017
List the prime factors of 2711859.
3, 83, 10891
What are the prime factors of 301606?
2, 19, 7937
List the prime factors of 11928544.
2, 43, 8669
What are the prime factors of 39342427?
137, 211, 1361
What are the prime factors of 23486156?
2, 5871539
What are the prime factors of 30167?
97, 311
What are the prime factors of 1341333?
3, 7, 47, 151
What are the prime factors of 877718?
2, 89, 4931
List the prime factors of 33388001.
47, 710383
List the prime factors of 360367.
7, 51481
List the prime factors of 356645.
5, 71329
List the prime factors of 9803081.
9803081
List the prime factors of 2927885.
5, 585577
What are the prime factors of 203205?
3, 5, 19, 23, 31
What are the prime factors of 90033?
3, 30011
List the prime factors of 280312.
2, 37, 947
What are the prime factors of 285023?
285023
What are the prime factors of 19988359?
19988359
What are the prime factors of 447054?
2, 3, 74509
What are the prime factors of 57001?
7, 17, 479
List the prime factors of 1205785.
5, 7, 47, 733
What are the prime factors of 89358?
2, 3, 53, 281
List the prime factors of 493278.
2, 3, 19, 4327
List the prime factors of 268411.
11, 13, 1877
List the prime factors of 14312564.
2, 7, 511163
List the prime factors of 1240455.
3, 5, 41, 2017
List the prime factors of 210092.
2, 53, 991
What are the prime factors of 534402?
2, 3, 11, 2699
What are the prime factors of 228255?
3, 5, 15217
What are the prime factors of 289041?
3, 23, 59, 71
List the prime factors of 3297839.
83, 39733
What are the prime factors of 33625?
5, 269
What are the prime factors of 3645259?
17, 31, 6917
What are the prime factors of 2661330?
2, 3, 5, 7, 19, 23, 29
What are the prime factors of 11020877?
7, 1574411
List the prime factors of 401662.
2, 47, 4273
List the prime factors of 300600.
2, 3, 5, 167
What are the prime factors of 22491564?
2, 3, 137, 13681
List the prime factors of 326996.
2, 81749
List the prime factors of 23809.
29, 821
List the prime factors of 8609581.
8609581
What are the prime factors of 147279?
3, 11, 4463
List the prime factors of 2442.
2, 3, 11, 37
List the prime factors of 16114043.
11, 229, 6397
What are the prime factors of 1110272?
2, 4337
What are the prime factors of 2134852?
2, 533713
What are the prime factors of 207274?
2, 37, 2801
List the prime factors of 613507.
613507
What are the prime factors of 2937938?
2, 1468969
List the prime factors of 1074046.
2, 537023
List the prime factors of 669400.
2, 5, 3347
What are the prime factors of 418491?
3, 46499
What are the prime factors of 122802?
2, 3, 97, 211
What are the prime factors of 22735783?
7, 17, 191057
What are the prime factors of 266778?
2, 3, 14821
List the prime factors of 759300.
2, 3, 5, 2531
What are the prime factors of 560990?
2, 5, 56099
What are the prime factors of 1532708?
2, 29, 73, 181
List the prime factors of 334157.
334157
What are the prime factors of 431131?
47, 9173
What are the prime factors of 17937273?
3, 19, 137, 2297
List the prime factors of 1099868.
2, 7, 11, 3571
List the prime factors of 274755.
3, 5, 13, 1409
What are the prime factors of 12220976?
2, 763811
List the prime factors of 12936842.
2, 29, 223049
List the prime factors of 3400835.
5, 409, 1663
What are the prime factors of 213308?
2, 53327
What are the prime factors of 1838913?
3, 612971
What are the prime factors of 16716555?
3, 5, 371479
What are the prime factors of 1422602?
2, 97, 7333
List the prime factors of 372755.
5, 74551
List the prime factors of 3157571.
3157571
What are the prime factors of 1237169?
29, 37, 1153
What are the prime factors of 4112718?
2, 3, 685453
List the prime factors of 275439.
3, 91813
What are the prime factors of 4024367?
4024367
What are the prime factors of 3641622?
2, 3, 337, 1801
List the prime factors of 2088846.
2, 3, 116047
List the prime factors of 20954.
2, 10477
What are the prime factors of 3722756?
2, 930689
What are the prime factors of 31851?
3, 3539
What are the prime factors of 402169?
17, 41, 577
What are the prime factors of 390668?
2, 101, 967
What are the prime factors of 6187859?
6187859
What are the prime factors of 11356948?
2, 1303, 2179
List the prime factors of 3486469.
7, 173, 2879
What are the prime factors of 418676?
2, 17, 47, 131
What are the prime factors of 201007?
201007
List the prime factors of 24836836.
2, 461, 13469
List the prime factors of 794924.
2, 13, 15287
What are the prime factors of 436682?
2, 29, 7529
What are the prime factors of 4009379?
11, 73, 4993
List the prime factors of 2462287.
2462287
List the prime factors of 4630968.
2, 3, 64319
What are the prime factors of 1156877?
23, 179, 281
What are the prime factors of 202069?
7, 28867
List the prime factors of 50701.
7, 7243
List the prime factors of 18744434.
2, 509, 18413
List the prime factors of 262843.
7, 37549
List the prime factors of 8404959.
3, 23, 41, 2971
List the prime factors of 1129033.
1129033
What are the prime factors of 359033?
47, 7639
List the prime factors of 1511448.
2, 3, 71, 887
List the prime factors of 375433.
43, 8731
List the prime factors of 262796.
2, 65699
List the prime factors of 13159537.
59, 67, 3329
What are the prime factors of 393572?
2, 61, 1613
List the prime factors of 1896773.
43, 44111
List the prime factors of 4189982.
2, 2094991
List the prime factors of 162284.
2, 29, 1399
What are the prime factors of 779026?
2, 389513
List the prime factors of 7579205.
5, 1515841
List the prime factors of 3074114.
2, 337, 4561
What are the prime factors of 6425352?
2, 3, 151, 197
What are the prime factors of 12493249?
17, 734897
What are the prime factors of 29639313?
3, 11, 17, 1601
List the prime factors of 588082.
2, 11, 26731
List the prime factors of 366787.
366787
What are the prime factors of 410230?
2, 5, 41023
What are the prime factors of 470574?
2, 3, 13, 2011
What are the prime factors of 514498?
2, 257249
What are the prime factors of 2229502?
2, 11, 101341
List the prime factors of 107400.
2, 3, 5, 179
What are the prime factors of 5696492?
2, 1424123
What are the prime factors of 11077627?
11, 19, 53003
What are the prime factors of 2715366?
2, 3, 19, 23819
List the prime factors of 31157450.
2, 5, 163, 3823
What are the prime factors of 18864506?
2, 9432253
What are the prime factors of 239134?
2, 7, 19, 29, 31
What are the prime factors of 189910?
2, 5, 7, 2713
What are the prime factors of 148743?
3, 7, 787
What are the prime factors of 928210?
2, 5, 92821
List the prime factors of 82371.
3, 27457
What are the prime factors of 134709?
3, 83, 541
What are the prime factors of 359401?
7, 51343
List the prime factors of 2452641.
3, 17, 48091
What are the prime factors of 391106?
2, 283, 691
List the prime factors of 573057.
3, 4